- (40/(-6) + 7) is divided by 29?
26
Suppose 2*n + 5*c - 100 = -3*n, 2*n + 6*c - 52 = 0. What is the remainder when 30 is divided by n?
13
Suppose -3*d + 216 = -5*c + 2*c, d + 2*c = 57. Calculate the remainder when 182 is divided by d.
48
Let h(a) = a**2 + 8*a. Let y be h(-6). Let p(r) = -r**3 - 13*r**2 - r - 3. Let d be p(y). Let i = -50 - d. Calculate the remainder when i is divided by 22.
19
Let v = 20 + -1. Suppose 0 = 4*p - v - 29. Suppose 12*x = 19*x - 224. What is the remainder when x is divided by p?
8
Suppose 0*u - 6 = u. Let o(w) = 12*w - 76. Let j be o(8). Let g = u + j. What is the remainder when g is divided by 8?
6
Suppose -2*g = -3 - 49. Let h = -667 + 657. Let m = g + h. Calculate the remainder when 45 is divided by m.
13
Let l(c) = c**3 + 19*c**2 + 20*c + 62. Suppose -13*p = -15*p + 14. What is the remainder when l(-18) is divided by p?
5
Let v = -264 + 287. Calculate the remainder when 154 is divided by v.
16
Suppose 0 = -11*u + 1629 + 1308. Calculate the remainder when u/(-2)*20/(-15) is divided by 18.
16
Let p(d) = -4*d - 3. Let i be p(-2). Let q be ((-2)/(-11) + 24/(-11))/(-1). Calculate the remainder when 57 is divided by (q - i) + 1 + 17.
12
Suppose 12*m = 10*m + 48. Suppose 66 = 2*j - 7*b + 5*b, -j - 2*b = -m. Calculate the remainder when 89 is divided by j.
29
Suppose -2*x + 3 - 7 = 0. Let t be x/(-6) - (-68)/(-6). Let z(a) = a + 22. Calculate the remainder when 31 is divided by z(t).
9
Let o(i) = -i**2 - 7*i - 10. Let t be o(-5). Suppose t*n + 136 = 2*n. Calculate the remainder when n is divided by 24.
20
Let a = -50 - -58. Let l(i) = -2*i + 26. Calculate the remainder when 28 is divided by l(a).
8
Suppose -3*n + 24*u = 20*u - 338, 3*u - 303 = -3*n. Calculate the remainder when n is divided by 93.
13
Let f(d) = 14*d**2 - 8 + 8. Calculate the remainder when 36/(-198) - (1755/(-33) + -2) is divided by f(-1).
13
Let u = 225 - 95. Let b = -111 + u. What is the remainder when 71 is divided by b?
14
Suppose 0 = -4*b, -d - 104 = d + 3*b. Let k = -35 - d. What is the remainder when k is divided by 9?
8
Let s(d) = d**3 - 7*d**2 - 10*d + 14. Let v be 12 - (-2 - 2)/(-1). Let u be s(v). Calculate the remainder when 3 is divided by (-1)/(-2 + (-2)/u).
0
Calculate the remainder when (2 + (-2149)/21)*-3 is divided by 16.
13
Suppose -5*z + 70 = -3*w, -5*w = 6*z - 9*z + 42. What is the remainder when 489 is divided by z?
13
Suppose 0*g - g = 3*u - 6, 4*u = -5*g + 8. Let q(b) = 10*b**2 + 2 - 10*b**2 + 15*b**2. What is the remainder when q(u) is divided by 16?
14
Let v(k) = -7*k - 14. Let x be v(-5). Suppose -f - 1 = -x. What is the remainder when 99 is divided by f?
19
Calculate the remainder when (0 - 688/(-4)) + 11 is divided by 38.
31
Let w be (-5)/20 - 45/12. What is the remainder when 2 is divided by w/(-5)*40/16?
0
Let q(r) = -3*r - 8. Let t be q(-4). Suppose -4*f - 154 = -t*a - 5*f, 108 = 3*a - 3*f. Calculate the remainder when a is divided by 13.
12
Let b = -58 - -62. What is the remainder when 46 is divided by -1 + (12/b - -22)?
22
Let l(n) = n**3 + 21*n**2 + 23*n + 26. Let i be l(-20). Let a = -30 - i. Calculate the remainder when 14 is divided by a.
2
Suppose -3963 = -9*l - 1209. Calculate the remainder when l is divided by 16.
2
Suppose 26*d - 23*d - 96 = 0. What is the remainder when 126 is divided by d?
30
Suppose -3*b + 1060 = 883. Calculate the remainder when b is divided by 17.
8
Suppose 336 = 27*r - 24*r. What is the remainder when r is divided by 23?
20
Let n = 602 + -458. Calculate the remainder when n is divided by 30.
24
Let d(w) = w**3 - 5*w**2 + 25. Calculate the remainder when d(7) is divided by 32.
27
Let m = -3 - -2. Let c(d) = 10*d**2 + d + 1. Let f(s) = 4*s + 29. What is the remainder when f(0) is divided by c(m)?
9
Let f be (-2)/6*18/(-2). Let x = -10 + 17. What is the remainder when 7*f + -3 + 2 is divided by x?
6
Let u be 8/(-1)*42/9*-3. Suppose -u - 86 = -3*t. Calculate the remainder when t is divided by 14.
10
Let c(r) = r**3 - 24*r**2 - 27*r + 64. Calculate the remainder when 2214/42 + 4/14 is divided by c(25).
11
Suppose -z = -66 - 20. Let h = 954 - 925. What is the remainder when z is divided by h?
28
Let f = 0 + 39. Suppose -23 = 38*q - f*q. Suppose -6*n + 323 = -n - 3*v, -2*v = 5*n - 343. Calculate the remainder when n is divided by q.
21
Suppose -4*k - j = -0*k - 948, 4*k - j = 940. Calculate the remainder when k is divided by 79.
78
Let m(q) = -25 + 11*q - 7*q + 3*q. What is the remainder when 59 is divided by m(8)?
28
Suppose 19*j = 17*j + 20. Suppose -2*i + 4*v = -j, 5*v + 6 = 2*i + 1. Calculate the remainder when 55 is divided by i.
10
Suppose b - 252 = -q, -4*q + 2*b = 7*b - 1007. What is the remainder when q is divided by 64?
61
Let r be 4/22 - (-4 + (-230)/(-55)). Suppose -3*p + 107 + 61 = r. What is the remainder when p is divided by 15?
11
Let j(l) = 2*l - 6. Let d be j(5). Suppose 3*a = d*r + 98, 6*a + 4*r - 174 = a. Calculate the remainder when a is divided by 9.
7
Suppose 2*y = 15*y - 741. Calculate the remainder when 94 is divided by y.
37
Suppose 5*w + 2*r = -114 + 500, -4*r = -12. Suppose -3*n + w = n. What is the remainder when 51 + 6 - (-1 + 4) is divided by n?
16
Suppose i + 2*y = 7*y + 172, 4*y - 535 = -3*i. Calculate the remainder when i is divided by 15.
12
Suppose 3166 = 11*x - 365. Calculate the remainder when x is divided by 9.
6
Let z = 478 - 234. Suppose -4*p + 180 = -z. Calculate the remainder when p is divided by 27.
25
Suppose -5*y - 54 + 4 = 0. Let a be (-3)/(-3) + (y - 0). Let c = a - -15. What is the remainder when 17 is divided by c?
5
Let l be -5 - (-7)/((-28)/(-16)). Calculate the remainder when (3 + 0)*(3 - l) is divided by 7.
5
Let d be 3/(15/(-5)) - 3. Let s(p) = 4*p. What is the remainder when s(5) is divided by (-28)/(20/(-5)) - d?
9
Let s be 3/(-2)*(-48)/18. Suppose -s*c = y - 189, 3*c - 98 = 2*y + 41. Calculate the remainder when 281 is divided by c.
46
Let m(x) = x**3 - 6*x**2 + 3*x + 19. Calculate the remainder when 9 is divided by m(5).
0
Suppose -5*z - 25 = 0, 4*u - 2*z - 54 = 44. Calculate the remainder when 77 is divided by u.
11
Suppose -4*w - 2*v + 347 = 3*v, -w + 4*v + 71 = 0. Calculate the remainder when 327 is divided by w.
78
Let k = 38 + 0. Suppose -5*l - 21 = -4*d - 8*l, 4*l = 2*d - k. Suppose -d = -4*w + 107. Calculate the remainder when 57 is divided by w.
28
Let r(a) = -a**2 + 13*a - 14. Calculate the remainder when 21 is divided by r(11).
5
Suppose 168 + 3479 = 510*l + 11*l. Let v = 0 + 13. Calculate the remainder when v is divided by l.
6
Suppose v = -4*m - 12 + 60, 5*v - 148 = 3*m. Calculate the remainder when v is divided by 12.
8
Let k(t) = -8*t + 76. Let c be k(-23). Calculate the remainder when 2/4 - c/(-8) is divided by 24.
9
Let m = -5 + -23. Let u = -552 - -562. What is the remainder when u is divided by ((-3)/2)/(7/m)?
4
Suppose -w - w = 2*h - 8, -3*w - 2*h + 10 = 0. Let c = w - -7. What is the remainder when (-3)/((2/10)/(-1)) is divided by c?
6
Suppose -488*c = -489*c + 18. Suppose 131 = 5*q - 5*n - 114, -5*q + 261 = -n. What is the remainder when q is divided by c?
17
Suppose -f = -2*f + 33. Suppose 3*a - 6*a = -f. Let i = 8 + a. What is the remainder when 35 is divided by i?
16
Let z = -624 - -652. What is the remainder when 275 is divided by z?
23
Suppose -5*z + 4*t + 374 = 0, -3*z + 2*t - 29 = -253. Calculate the remainder when z is divided by 26.
22
Suppose 0 = -3*c + k + 8, c + 3*c - 3*k = 14. Let l = c + 14. What is the remainder when l is divided by ((-12)/(-14))/((-2)/(-14))?
4
Let n be (26/(-3))/((-4)/6). Let f = 34 + n. Let a = 80 - 68. What is the remainder when f is divided by a?
11
Let m = -15 + 30. Calculate the remainder when m is divided by 10/5 - (1 - 4).
0
Suppose -61 = -w + 2*t, 3*w - 4*t - 183 = -5*t. What is the remainder when w is divided by 19?
4
Suppose 0 = -107*f + 112*f - 625. Calculate the remainder when f is divided by 53.
19
Let r(h) = -h**3 + 29*h**2 - 52*h - 49. What is the remainder when (-115)/(-3) - 1/3 is divided by r(27)?
3
Suppose 0 = -3*z + 4*k - 4, 2*k - 12 = -z - 0*k. Suppose -10*u + z*u = -216. What is the remainder when 70 is divided by u?
34
Let a(t) be the third derivative of -t**4/24 + 8*t**3/3 + 13*t**2. Calculate the remainder when a(-6) is divided by 6.
4
Suppose 25 = -0*l